Let b = -2 - w. Let r(q) = -b - 4*q**3 + q**3 - 2*q**3 + 6*q**3. Calculate r(0).
-1
Let f(j) be the third derivative of -3*j**2 + 1/6*j**3 + 0*j - 1/24*j**4 + 0. What is f(4)?
-3
Let d be (2 - 1) + (7 - 8). Suppose 0 = -2*n - d*n + 6. Let o(z) = -z**3 + z**2. Let u(a) = -5*a**3 + 3*a**2 - 2. Let i(b) = 6*o(b) - u(b). Calculate i(n).
2
Let c(k) = -k**3 - 4*k**2 - 4*k - 2. Let j = 25 - 27. What is c(j)?
-2
Let p(m) = m**2 - 8*m + 3. Let n be p(8). Suppose 3*i = 6*i - n, 0 = 3*f - 2*i + 20. Let s(b) = -b**3 - 5*b**2 + 6*b - 6. What is s(f)?
-6
Let d(s) be the second derivative of -s**4/4 + s**3/3 + s**2/2 - 22*s. Determine d(-1).
-4
Let q(l) = -5*l**3 - 3*l**2 + l + 1. Let r(j) = j**3 + j**2. Let z(i) = -2*q(i) - 9*r(i). Give z(4).
6
Let u = -89 - -82. Let w(y) = -y**3 - 8*y**2 - 6*y - 4. Determine w(u).
-11
Let o(a) = a**2 + 2*a - 1. Suppose 5*n + 10 = 0, 5*n - 5 = 4*p - 19. Give o(p).
2
Let t(q) = 14*q - 41. Let i(p) = -5*p + 14. Let w(g) = 17*i(g) + 6*t(g). Calculate w(-7).
-1
Let v = -174 + 2089/12. Let a(t) be the second derivative of -1/6*t**3 - 1/2*t**2 - v*t**4 + 0 - 3*t. What is a(-1)?
-1
Let k(c) = -c**2 - 7*c + 2. Let l(f) = -f**2 - 6*f + 1. Let v(n) = -2*k(n) + 3*l(n). Suppose 37*d = 8*d - 116. What is v(d)?
-1
Let j(m) = -8*m**2 - 12*m + 6. Let h(n) = -3 + n + n - 5*n**2 + 2. Let d be h(2). Let p(v) = -23*v**2 - 35*v + 17. Let a(i) = d*j(i) + 6*p(i). Give a(-4).
-8
Let f(u) = -3*u - 11. Let a(g) = -9*g - 32. Let x(i) = -4*a(i) + 11*f(i). What is x(-5)?
-8
Let n = -2 - -2. Let z(g) = n - 1 + 3 + g. Suppose -9*d = -17*d - 24. What is z(d)?
-1
Let f(v) = v**3 + 2*v**2 - 3*v. Let s be ((-28)/42)/((-2)/24). Suppose -2 = -5*j + s. Determine f(j).
10
Let n(d) = d**2 - 8*d - 11. Let b be n(10). Suppose q + 0 = b. Let p = 6 - q. Let r(v) = -v**3 - 5*v**2 - 3*v + 3. Determine r(p).
-6
Let m(n) = n**2 + 1. Let t(l) = 3*l**2 - l + 1. Let z be t(1). Let d = z - 3. Suppose 0 = -d*x - x. Give m(x).
1
Let p(u) = 0*u - 7 + 5*u + 17*u**2 - u**3 - 13*u**2. Calculate p(5).
-7
Let z(q) = -q**3 + 4*q**2 - 4*q + 3. Let h be (-9)/(-12)*(4 - 0). Determine z(h).
0
Let t(p) = p**3 - 11*p**2 + 11*p - 5. Let c be t(10). Let k(m) = m + m - c - 3*m + 16. Let u be k(6). Let q(w) = w**2 - 6*w + 7. Calculate q(u).
2
Suppose 3*o + 4*b - 14 = -b, 2*b = -4*o. Let r(n) = -4*n**2 - 3*n - 2. Give r(o).
-12
Let d(q) = -q + 17. Let m be d(12). Let z(o) = m*o + 2 + 0*o - 3*o + 1. Determine z(-3).
-3
Let a(w) = -w**3 - 4*w**2 + 1 - 3*w + 0*w**3 + w. Let q be (-1*(-2 - -3)*-3)/(-1). What is a(q)?
-2
Let n(q) be the first derivative of -q**4/4 + q**3 + 3*q**2/2 - q + 3. What is n(4)?
-5
Let q(h) = -h - 6. Let z = -10 - -1. Let s = z + 5. Determine q(s).
-2
Let b = 17 - 12. Let x(i) = 0*i**2 + 1 - b*i + i**2 + 5*i. Let o = -1 - -1. Determine x(o).
1
Let a = 17 - 19. Let r(w) = 3*w**2 + 2*w. Determine r(a).
8
Suppose 58 = -5*s + 48. Let j(d) = -d - 3. Determine j(s).
-1
Let a(g) = 118 - 118 - g + g**2. Calculate a(-1).
2
Suppose 2*k - 3 = -k. Let d(m) = -3*m**2 - 1 - m**2 - 1 + k. Determine d(1).
-5
Let r(x) be the first derivative of x**4/4 - 4*x**3/3 + x**2/2 - 2*x + 2. Suppose 4*f + 4*u - 20 = f, 5*f - 10 = 5*u. Calculate r(f).
2
Suppose 0 = -4*u + 2*u + 12. Let h(r) = r**3 - 2*r**2 + 2. Let c be h(2). Let g(j) = 6*j - 2*j**2 + 0 + u*j**2 + 2 - c*j**2. Determine g(-4).
10
Let a(v) be the first derivative of 3*v**2/2 - 8. Calculate a(-2).
-6
Let k(v) = v**2 - 46 - 37 + 77 + 4*v. Let b(a) = a**3 - 5. Let s be b(0). What is k(s)?
-1
Let c(q) = 4*q + 2. Suppose 5*p + 9 + 1 = 0. Let w be -7*(p + 8/7). Let t = -8 + w. Determine c(t).
-6
Suppose -5*k + 0*l + 75 = -4*l, -30 = -5*k - 5*l. Let f(p) = 2*p - 1. Let h(d) = -6*d + 2. Let n(g) = k*f(g) + 4*h(g). What is n(-3)?
3
Let t be (-24)/(-8)*(-1)/(-1). Suppose 6 = 5*q - 2*y, 3*y = t*q - 2*y - 15. Let r(a) = 4 - 3*a**3 - 4*a**3 + 6*a**3. Calculate r(q).
4
Let k(f) = -5*f - 1. Let z = 1 - -1. Suppose -4*i + 16 = 4*b, i + i + b - 5 = 0. Suppose 3*m - z = i. Determine k(m).
-6
Let w(h) = 4 - 27*h**2 + 2 + 8*h + 28*h**2 - 3. Let d = -2 + 5. Suppose 0 = v + d*v - 2*n + 18, -n - 1 = 0. What is w(v)?
-12
Let b(y) = 8*y**2 + y + 1. Let i = 32 - 33. Give b(i).
8
Let m(c) = -3*c - 1. Suppose 0 = -h - 0*t - 3*t + 19, -5*h = -4*t. Let a be (-4 + 0)*(-2)/h. Let g(f) = -2*f. Let i(v) = a*m(v) - 2*g(v). Calculate i(-2).
2
Let r(l) = -l**3 + 4*l**2 + 1. Suppose 0 = -5*k + 9 + 11. What is r(k)?
1
Let g(q) = -30*q - 4. Let j(w) = -14*w - 2. Let o(t) = -6*g(t) + 13*j(t). Suppose 2*z = 4*z - 8. What is o(z)?
-10
Let i(n) = -n**2 - 2*n - 1. Let a(g) = -g. Let o be a(1). Let z be i(o). Let u(c) = 2 + c**2 + 6 + 0*c + c - c**3. What is u(z)?
8
Let g be 1/(-3)*(5 + -38). Suppose -5*s + 0*b = 2*b - g, -5*b = -2*s - 13. Let m be -4 - 1/(s/(-1)). Let r(w) = -3*w - 1. Give r(m).
8
Let f(s) be the first derivative of 0*s**2 + 1/3*s**3 + s - 2. Let v(u) be the first derivative of f(u). Give v(1).
2
Let b(f) be the second derivative of 1/20*f**5 - f**2 - 1/3*f**3 - 1/6*f**4 + 0 + f. What is b(3)?
1
Let i be (6/5)/((-12)/(-40)). Suppose -i*t - 15 = t. Let m(a) = a - 1. Calculate m(t).
-4
Let o be 0*3/(-6) - -3. Suppose -3 - o = -2*v. Let l(g) = -2*g + 2. Determine l(v).
-4
Suppose k - 2*w = -7, -4*k = 2*w + w - 27. Let m(t) = -4*t**2 - 2*t**k + 1 + 2*t**3 + t**3 + t. Let q be m(3). Let z(y) = y + 3. Give z(q).
-2
Let x(f) = -5*f**2 - 3*f - 6. Let v(r) = r**2 - r - 1. Let c(d) = -5*v(d) + x(d). What is c(1)?
-9
Let t(p) be the second derivative of 0*p**3 + 1/20*p**5 + 0*p**2 + 0*p**4 + p + 0. Suppose -3*o + 3 = -3*y, 0 = y - 0*y - 3*o + 7. Give t(y).
8
Let j = 55 + -29. Let q be j/10 - (-6)/(-10). Let v(i) = 0 + 0 - i**3 - 6*i + 4 + q*i**2 + 5*i**2. Determine v(6).
4
Suppose 9*d + 21 - 102 = 0. Let b(n) = n - 22. What is b(d)?
-13
Let v be 12/(-1)*7/(-14). Let h(q) = v*q - 11*q + 0 - 3 + q**3 + 4*q**2. Determine h(-5).
-3
Let y(o) = o**2 + 4*o - 6. Suppose -5*l + 20 = -2*r, -4*l = 4*r - 9 - 7. Let w be (-5)/(l/12*3). What is y(w)?
-1
Let q(v) be the first derivative of -2*v**4 - v**2/2 - v - 10. Let c(z) = 8*z**3 + z + 1. Let b(w) = 4*c(w) + 5*q(w). Give b(-1).
8
Let k(r) = -r**2 - 5*r + 8. Let j be k(-6). Let l be (j/2)/1 + 6. Let w(q) = q**2 + l - 1 - 3*q - 4*q. Calculate w(5).
-4
Let j(s) be the first derivative of -s**2/2 + s + 29. Determine j(5).
-4
Let r(a) = a**3 - 5*a**2 - 5*a - 1. Suppose -2*g + 49 = -15. Suppose 5*b - 2*y - 6 = g, 0 = -b - 5*y - 14. What is r(b)?
5
Suppose -2*x + 4*g = -38, -3*x - 4*g + 37 = -30. Let c be (-1 + 2)/((-7)/x). Let h(j) = -j - 2. Give h(c).
1
Let t(z) = -z**3 + 20*z**2 - 2*z + 44. Let f be t(20). Let b(c) be the first derivative of c**2/2 - 4*c - 2. Calculate b(f).
0
Let m(q) be the second derivative of 4*q + 0 - 1/12*q**4 - 4/3*q**3 - 5/2*q**2. Determine m(-6).
7
Let i = -6 - -20/3. Let o(k) be the first derivative of k**2 - 1 - i*k**3 + k - 1/4*k**4. Calculate o(-2).
-3
Let g(n) = -n**2 + 7*n - 7. Let y(b) = -8*b + 8. Let x(w) = -7*g(w) - 6*y(w). Give x(1).
7
Let z(c) = -2*c - 28. Let k(t) = -t - 14. Let h(j) = -7*k(j) + 4*z(j). Suppose 4*p - 3 - 9 = 2*n, -5*p = 0. Determine h(n).
-8
Let l(o) be the second derivative of 2*o + 0 + 1/20*o**5 + 1/3*o**4 + 1/2*o**3 + o**2. Determine l(-2).
4
Let w(c) be the second derivative of -c**4/12 + c**3 - 3*c**2/2 + 32*c. Determine w(5).
2
Let a(f) = f**3 + 5*f**2 - 6*f + 6. Suppose 6 = -p + g - 3, -p - g - 3 = 0. What is a(p)?
6
Let m(k) = -k**2 - k + 7. Let s(c) = -2*c - 2*c**3 + 3*c**3 - 12*c**2 + 5*c**2 + c + 7. Let g be s(7). Calculate m(g).
7
Let s(p) = -p - 1. Let y be s(-6). Let i(u) = y - 5*u + 0 + 4*u. Give i(4).
1
Let o(x) = 6*x**3 + 2*x**2 + 13*x. Let b(c) = c**3 - c**2 + c - 1. Let n(k) = -5*b(k) + o(k). Calculate n(-5).
15
Let m(w) be the second derivative of -7/2*w**2 + 1/3*w**3 - 2*w + 0. Determine m(5).
3
Let v(m) = m**3 + m**2. Let k(x) = 2*x**3 + 6*x**2 + 3*x - 4. Suppose 0*h + 2*h + 3*r + 12 = 0, 0 = 2*h + 2*r + 10. Let n(i) = h*v(i) + k(i). Calculate n(3).
5
Suppose 0 = -2*p + 5*p + 12. Let c(l) = 11*l - 5. Let j(f) = 9*f - 4. Let t(m) = 5*c(m) - 6*j(m). Determine t(p).
-5
Let r(a) = a + 3 - 4 - 1. Let p(z) = z - 2. Let f(g) = -4*p(g) + 3*r(g). Suppose -5*c - 2*v = -10, -5*c - 5*v = -6 - 4. Calculate f(c).
0
Suppose 9 = 2*r + 1. Let y(k) = 2*k - 4 + 3*k**2 - k**3 - 